nits digit of i?
5
Let m(u) = u**2 + 6*u - 2. Let q be m(-6). What is the tens digit of (110/(-33))/(q/15)?
2
Let o = 13 - 8. Suppose c - 3*r + 11 = 3, 16 = -c + o*r. Suppose -3*v - 5 = -4*h, 7*v - 12 = 3*v - c*h. What is the units digit of v?
1
What is the hundreds digit of (365 - -6) + 16/4?
3
Suppose -2*r + 103 = 3*m, 3*r + 4*m - 115 = 40. Suppose -4*s + r = -31. What is the units digit of s?
1
Let i be 63/(-12) + 2/8. Suppose 2*k + 5 + 15 = 0. Let m = i - k. What is the units digit of m?
5
Suppose 3*v + n - 16 = 0, -n = 2*v - 3*n - 8. Suppose v*y - 3*f = 4*y - 2, 0 = -5*y + f + 32. What is the units digit of y?
7
Suppose -v + 28 = 5*z, -z + 4*v = -2*z - 2. What is the units digit of z?
6
Suppose 0 = -5*t - 20, 5*o + 5*t + 105 = -0*o. Let v = -6 - o. What is the tens digit of v?
1
Let w(r) = r**2 + 5*r + 5. Let y = -1 + -4. What is the units digit of w(y)?
5
Suppose -2*k - m + 0 = 12, 4*k + 4*m = -24. What is the units digit of (9/k)/(-1)*6?
9
Suppose -2*b + 4 = -2*l + 22, -l - b + 3 = 0. Let s be l/(-8)*(-19 - -3). What is the units digit of 6/(-1)*s/(-9)?
8
Let t(l) be the second derivative of l**4/6 - l**3/3 - 2*l**2 + 6*l. What is the units digit of t(-3)?
0
What is the tens digit of (-1)/(4/30)*-2?
1
Suppose 3*p + v - 135 = -p, 3*p - 111 = -4*v. What is the tens digit of p?
3
Let f be (-12 + 8)/(4/(-2)). Suppose -m - 7 - 3 = -3*q, -f*m = q - 8. What is the units digit of 3 + -2*(-6)/q?
6
Suppose -g - 14 + 52 = 0. What is the tens digit of g?
3
Let i(b) = -2*b - 1. Let f be i(6). Let n = 18 + f. Suppose 0 = 2*m - 5*s - 42, m - 4*s = 2*m + n. What is the tens digit of m?
1
Let k = -24 + 69. What is the tens digit of k?
4
Suppose -3 = -s, -4*o = -0*s - 2*s - 10. Suppose 0*u + u - 10 = -o*r, -5*r = 2*u - 5. Let g(p) = -p + 6. What is the tens digit of g(u)?
1
Let y(j) = -j**3 + 3*j**2 - j. Suppose 6*k - 5 = k. Let u = 3 - k. What is the units digit of y(u)?
2
Let k(t) = -t**3 - 2*t**2 + t - 3. Let d be k(-3). What is the units digit of (-8)/d*6/(-4)?
4
Let b(o) = -47*o**2 - 9*o + 4. Let f(r) = 12*r**2 + 2*r - 1. Let i(d) = 2*b(d) + 9*f(d). Let l be i(-1). Let x = -6 + l. What is the units digit of x?
7
Suppose 0 = -x - 4*u + 96 + 145, -4*x + 981 = -u. What is the hundreds digit of x?
2
Let i(m) = 4*m**3 + m**2 - 1. Let u be i(2). Let q = -11 + u. What is the tens digit of q?
2
Suppose 0*h + 4*h + d - 29 = 0, -2*h + d + 7 = 0. Let p(v) = v**3 + 5*v**2 + 4*v - 1. Let k be p(-3). Let c = h + k. What is the units digit of c?
1
Let y(s) = s**2 + 6*s + 5. What is the units digit of y(-9)?
2
Suppose -y - 4*a + 1 = 8, -5*a + 10 = 0. Let b(x) = -x - 11. What is the units digit of b(y)?
4
What is the tens digit of 468/(-27)*(1 + -4)?
5
Suppose 19 = 5*h + 5*o - 1, -2*o = 3*h - 10. Suppose 5*n = 4*p + 34 + 11, -h*p = -2*n + 16. What is the tens digit of n?
1
What is the tens digit of 2*(25 + -2)*1?
4
Suppose -5*i + 204 = -4*m - 122, 4*i + 5*m - 269 = 0. What is the tens digit of i?
6
Suppose 5*v = -2*i + 880, -i - 539 = -4*v + v. Suppose 5*g = -2*r + v, -g - 4*r = -0*g - 50. What is the units digit of g?
4
Let a = -44 + 76. What is the tens digit of a?
3
What is the units digit of (2 - -3)/(-5) + 24?
3
Let r = -14 - -19. Suppose 5*f - 4*u - 68 = 3*f, 37 = f - r*u. What is the units digit of f?
2
Let o be 4/6*(-2 + 5). Let w = 6 - o. Suppose -56 = -8*p + w*p. What is the tens digit of p?
1
Let u(h) = h**3 - 6*h**2 + 7. Let m be u(6). What is the units digit of (-7)/(-1) + (m - 7)?
7
Suppose -4*h + 36 = -0*h. Let a = -1 + h. What is the units digit of a?
8
Let z be 2/(5 + -3)*9. Let m(c) = -4*c + z + c**2 - 2 - 1 - 3. What is the tens digit of m(6)?
1
Let m(d) be the first derivative of d**4/4 - 2*d**3 + 3*d**2 - 3*d + 1. Let l be m(4). Let q = l + 18. What is the units digit of q?
7
Suppose -5*t = -2*t - 120. What is the units digit of t?
0
Suppose -q + 1 = -1. Suppose 0 = -s - s, d - 1 = -q*s. What is the units digit of d?
1
Suppose -y - y = 5*g + 38, -28 = 2*g + 4*y. What is the units digit of (4/(-2))/(g/54)?
8
Let i(r) = -28*r - 2. What is the tens digit of i(-3)?
8
Suppose -3*m = 5*o - 460, -5*o + 158 = -4*m - 302. What is the units digit of o?
2
Suppose c - 6*c = -105. What is the units digit of c?
1
Let l = -1 + 41. What is the units digit of l?
0
Suppose 402 = 3*b + k - 3*k, 5*b - 670 = -2*k. What is the hundreds digit of b?
1
Suppose 2*p - 1 - 9 = 0. Suppose -4*k + 16 = 2*r, k = p*k. What is the units digit of r?
8
Let f be (-2)/7 - (-37)/7. Let y(x) = -x**2 + 5*x + 1. Let g be y(f). What is the units digit of 6/(g - 4) + 6?
4
Let n(c) = 2*c - 4. Let r be n(3). Suppose g + 3 = a, r*g = -a - 0*g - 3. What is the units digit of a?
1
Let w(s) = -s**2 - 8*s + 1. Let p = -18 + 10. What is the units digit of w(p)?
1
Let g(x) = x**3 + 14*x**2 + 13*x + 4. Let l be g(-13). Suppose -2*r - 4*h + 60 = -52, -r + 38 = -l*h. What is the tens digit of r?
5
Let z be (15/(-25))/((-2)/10). Suppose -4*h + 31 - z = 0. What is the units digit of h?
7
Let u = 1 - 16. Let x = u + 27. What is the tens digit of x?
1
Let p = 9 - 5. Let m(c) = 5*c + c**2 + 3*c**2 - c**3 - c**2. What is the units digit of m(p)?
4
Let p(w) = w**3 - 5*w**2 - 6*w + 5. Suppose d - 6 + 0 = 0. What is the units digit of p(d)?
5
Let m be 5 + (-1)/((-1)/2). What is the units digit of 2 + m + -1 - -3?
1
Suppose -40 = -3*h + 4*q + 6, -4*h = 3*q - 28. What is the units digit of h?
0
Let z(q) = q + 17. Let x be z(-14). Suppose 3*b - w = x*w + 27, 3*w = 0. What is the units digit of b?
9
Suppose -150 = -0*r - 5*r. What is the tens digit of r?
3
What is the units digit of 4/(-18) - 83/(-9)?
9
Let u(l) = -l**2 + l + 62. What is the units digit of u(0)?
2
Let j = 6 - 17. Let z = j - -19. What is the units digit of z?
8
Suppose 2*z + 18 = 3*z + a, 3*a = 5*z - 74. Suppose -z = -5*b + 114. What is the tens digit of b?
2
Let i(k) = -k - 4. Let w be i(3). Let z(s) = s + 10. Let f be z(w). Suppose 0 = j + f*j - 48. What is the units digit of j?
2
Suppose 1 = 3*o + 22. Let j = 11 + o. What is the units digit of 106/10 + j/10?
1
What is the units digit of (-127)/(-3) - (-22)/33?
3
Let i(z) = z**3 - 6*z**2 + 5*z + 5. Let p be i(5). Let d be (p/3)/((-1)/(-3)). Suppose d + 23 = 4*t. What is the units digit of t?
7
Let b = 2 - -16. Let o be (1 - 0)*(-2 - -7). Suppose o*m = b + 32. What is the units digit of m?
0
Let h(f) = -f + 1. Suppose -m - 4*n + 2 = 0, 2*m = -3*m - n + 48. Let q = m - 16. What is the units digit of h(q)?
7
Let k(p) = 205*p**2 - 2*p + 1. Let i be k(1). Suppose 5*h = -49 + i. What is the units digit of h?
1
Suppose 3*p = 5*n - 1463, 5*n + 0*p = -4*p + 1491. What is the hundreds digit of n?
2
Let a be 2/1*-1 + 0. Let f be a/(6/(-9) + 0). Suppose 3 = v - f. What is the units digit of v?
6
Let m(w) = -w**3 - 6*w**2 - 2*w - 7. What is the units digit of m(-6)?
5
Let k = 56 - 17. What is the units digit of k?
9
Let n(d) = 2*d**3 - 3*d**2 - 6. What is the tens digit of n(3)?
2
Let c(x) = -x**2 - x + 14. Let d be c(0). Suppose 2*k - 3*h - 16 = d, -67 = -3*k - h. What is the tens digit of k?
2
Suppose 0 = -2*x - 3*x + 300. What is the units digit of x?
0
Suppose -3 = -2*i + i. Suppose -2*j = -i - 7. What is the units digit of j?
5
Suppose -v - 2*v = -9. Let j(o) = -11*o**3 - 5*o**2 + v + 3*o**2 - 2. What is the tens digit of j(-1)?
1
Suppose 2*c + 3 = 7. What is the units digit of ((-1)/c)/((-2)/20)?
5
Let z be 0 - -1 - (-84)/1. Suppose -2*h + z = -3. What is the tens digit of h?
4
Let k = -4 + 9. Let d(r) = -r**3 + 4*r**2 + 6*r - 3. What is the units digit of d(k)?
2
Suppose u - 528 = -3*s - 2*u, -2*s + 5*u + 331 = 0. What is the tens digit of s?
7
Suppose 0 = 3*t - 61 + 1. Let d = t + -10. What is the units digit of 65/25 + (-6)/d?
2
Suppose 437 - 102 = 5*f. What is the units digit of f?
7
Let a(m) = -m**3 + 16*m**2 + 21*m - 19. What is the units digit of a(17)?
9
Let i(w) = -2 + 1 - w**2 + 3 + 4*w. Let t be i(4). Suppose 0*d - 3*d - 13 = -5*s, 18 = 2*d + t*s. What is the units digit of d?
4
Let i(o) = -o. Suppose -2*v - 2 = -v. Let h be i(v). Suppose 5*r = h*r + 9. What is the units digit of r?
3
Suppose -y = -4, a - 34 - 12 = -5*y. What is the units digit of a?
6
Suppose -21 = -4*o + 27. Let z be (-1)/4 + (-9)/(-4). Suppose -z + o = i. What is the units digit of i?
0
Suppose 0*q = g + 3*q - 5, 3*